2?
28
What is the highest common divisor of 17403567 and 1392?
87
What is the highest common factor of 18130 and 64140?
10
What is the greatest common factor of 341326 and 9486?
34
What is the greatest common divisor of 2427348 and 53108?
3124
What is the highest common divisor of 70035 and 3409704?
2001
Calculate the highest common factor of 1182 and 4206.
6
What is the highest common divisor of 431180 and 6170?
10
Calculate the greatest common factor of 1120911 and 3135.
33
Calculate the highest common factor of 74193 and 1164345.
21
Calculate the greatest common factor of 833 and 2826558091.
833
Calculate the highest common factor of 23291597 and 56.
7
Calculate the highest common factor of 8864275 and 70.
35
Calculate the highest common divisor of 682 and 120647846.
682
What is the highest common divisor of 77184 and 581895?
603
What is the highest common factor of 5 and 196827875?
5
Calculate the highest common factor of 24 and 1274845524.
12
Calculate the highest common factor of 7735 and 203699678.
1547
Calculate the greatest common factor of 157287449 and 13822.
6911
Calculate the greatest common divisor of 6515328 and 10152.
1128
Calculate the greatest common divisor of 58241779 and 238.
17
What is the greatest common factor of 389700 and 21690?
90
What is the highest common factor of 6250 and 509750?
250
Calculate the highest common divisor of 9065888 and 749208.
4712
What is the greatest common divisor of 854 and 3643262?
14
Calculate the greatest common divisor of 315301 and 34069.
217
What is the greatest common factor of 100 and 147071350?
50
What is the highest common divisor of 20297658 and 6?
6
What is the highest common factor of 28 and 8509992?
4
Calculate the highest common divisor of 10376404 and 2944.
92
Calculate the greatest common factor of 1308 and 193668.
12
Calculate the highest common factor of 3417 and 577319235.
3417
Calculate the greatest common factor of 2453 and 6639908.
11
What is the highest common divisor of 4009688 and 12104?
136
What is the highest common divisor of 2736 and 52962804?
684
Calculate the greatest common divisor of 490 and 5037886.
98
Calculate the highest common factor of 121159 and 4896.
17
Calculate the greatest common divisor of 270 and 40410.
90
What is the greatest common divisor of 263897 and 10432?
163
Calculate the greatest common factor of 20172 and 67678044.
492
What is the highest common divisor of 4744 and 92018182?
1186
Calculate the greatest common divisor of 331853 and 4181.
37
What is the highest common divisor of 181 and 1799144887?
181
What is the highest common divisor of 34898283 and 183?
183
What is the greatest common factor of 459 and 518058?
153
What is the greatest common divisor of 5831 and 124117?
833
What is the highest common divisor of 73192104 and 48?
24
Calculate the greatest common divisor of 772786 and 108297.
1337
What is the greatest common factor of 10463452 and 37?
37
What is the greatest common divisor of 5336708 and 30940?
884
What is the highest common factor of 60 and 3696460?
20
Calculate the highest common factor of 81107780 and 50895.
1885
Calculate the greatest common divisor of 5948444 and 279046.
6806
What is the greatest common factor of 3926 and 67171444?
302
What is the greatest common divisor of 9834 and 184734?
66
What is the greatest common factor of 28575 and 3215259?
1143
What is the highest common divisor of 6281 and 33539?
11
What is the highest common divisor of 2098 and 20491166?
2098
What is the greatest common divisor of 2912 and 1339390?
26
Calculate the greatest common factor of 5490 and 62578314.
1098
Calculate the highest common divisor of 7756476 and 31200.
156
Calculate the greatest common factor of 358 and 13474.
2
What is the greatest common factor of 177197 and 8611?
79
What is the greatest common factor of 24849288 and 3967?
3967
Calculate the highest common divisor of 343141876 and 1932.
644
What is the greatest common divisor of 95326 and 3638404?
154
Calculate the greatest common factor of 747 and 661989408.
249
Calculate the greatest common divisor of 1284994 and 11966.
386
Calculate the highest common factor of 5065198 and 4466.
58
What is the highest common factor of 91768 and 374?
2
What is the greatest common factor of 4761322 and 148864?
2326
Calculate the greatest common factor of 38350 and 8929414.
1534
Calculate the greatest common divisor of 35461845 and 1395.
45
Calculate the greatest common divisor of 453482227 and 33.
11
What is the greatest common divisor of 122 and 68292794?
122
What is the highest common factor of 286 and 136104716?
22
Calculate the greatest common factor of 9090 and 7179885.
45
Calculate the highest common factor of 26142462 and 180369.
3681
Calculate the highest common divisor of 183 and 23140655.
61
What is the greatest common factor of 350460 and 1918680?
3540
Calculate the highest common factor of 570 and 7028130.
30
What is the greatest common divisor of 1953 and 232323672?
651
Calculate the highest common factor of 100784 and 21648.
16
Calculate the greatest common factor of 491 and 2513429.
491
Calculate the greatest common factor of 35 and 43229984.
7
Calculate the greatest common divisor of 19130816 and 223524.
3548
What is the greatest common factor of 99910 and 7147930?
970
What is the greatest common divisor of 9 and 1808779113?
9
What is the highest common divisor of 2080 and 696560?
80
Calculate the greatest common divisor of 9656 and 199635386.
2414
Calculate the highest common factor of 45467364 and 28410.
5682
Calculate the highest common divisor of 40 and 1264317340.
20
What is the greatest common divisor of 51661116 and 26?
26
Calculate the greatest common divisor of 261670 and 18488800.
1910
Calculate the highest common divisor of 35 and 140728.
7
Calculate the greatest common divisor of 1027 and 22344634.
13
What is the highest common divisor of 2226 and 83059851?
1113
Calculate the highest common factor of 1122 and 15540261.
561
What is the greatest common divisor of 2248512 and 543312?
2352
Calculate the highest common factor of 19348422 and 18.
6
What is the highest common divisor of 1352706 and 97464?
786
Calculate the highest common factor of 83729 and 86658.
101
Calculate the greatest common factor of 1141476 and 9149784.
8988
What is the highest common divisor of 165 and 14041995?
165
What is the greatest common factor of 2104 and 1333448?
8
Calculate the highest common factor of 40 and 897712.
8
What is the highest common factor of 4375329 and 89979?
267
Calculate the highest common factor of 49 and 19065361.
49
What is the greatest common factor of 20553 and 14579982?
1581
What is the highest common divisor of 23674429 and 23?
23
What is the greatest common divisor of 14952 and 40230848?
4984
Calculate the highest common factor of 582 and 1734651.
291
What is the greatest common factor of 16 and 3794098192?
16
Calculate the greatest common factor of 106680 and 90960.
120
What is the greatest common factor of 592 and 789304?
8
What is the highest common divisor of 4464 and 5444096?
496
What is the highest common factor of 859200 and 564?
12
What is the greatest common factor of 6998712 and 48?
24
What is the greatest common divisor of 70110526 and 236?
118
Calculate the greatest common divisor of 4318 and 212160612.
4318
What is the greatest common factor of 14902807 and 112706?
5123
Calculate the highest common factor of 152 and 160360.
152
What is the greatest common divisor of 910972733 and 11?
11
What is the greatest common factor of 2533 and 11787103?
17
Calculate the highest common divisor of 254681192 and 8.
8
Calculate the greatest common factor of 17 and 95968978.
17
What is the highest common factor of 269587 and 568?
71
Calculate the greatest common divisor of 4380 and 241820.
20
What is the greatest common factor of 1629 and 155406057?
543
Calculate the highest common divisor of 17238 and 2971020.
1014
What is the greatest common divisor of 13400 and 3375192?
536
Calculate the greatest common factor of 6873 and 553079.
79
Calculate the greatest common factor of 1357 and 60574592.
59
What is the highest common factor of 169554684 and 78768?
6564
What is the greatest common divisor of 871 and 11943487?
67
Calculate the highest common factor